{"id":34,"date":"2011-04-21T16:53:20","date_gmt":"2011-04-21T16:53:20","guid":{"rendered":"http:\/\/aviones.mindonium.es\/portal\/?page_id=34"},"modified":"2018-08-15T12:30:38","modified_gmt":"2018-08-15T12:30:38","slug":"patrimonio-artistico","status":"publish","type":"page","link":"https:\/\/aviones.mindonium.es\/portal\/todo-mondonedo\/patrimonio-artistico\/","title":{"rendered":"Patrimonio Art\u00edstico"},"content":{"rendered":"<p>LA CATEDRAL<\/p>\n<p>Fue  construida en el siglo XII, pero volvi\u00f3 a reconstruirse en el XVI al  haber quedado destruida por un incendio. Presenta una curiosa mezcla de  estilos: las torres son barrocas, la portada es rom\u00e1nica con un roset\u00f3n  del siglo XIV y claustros del siglo XVII. En el interior merecen  especial atenci\u00f3n los frescos del siglo XV que decoran los dos lados del  coro. En el Altar Mayor se conserva la imagen de Nuestra Se\u00f1ora la  Inglesa, tra\u00edda de la catedral de Saint Paul en Londres en \u00e9poca de la  reforma de Enrique VIII. El Museo Diocesano guarda estatuas, retablos y  obras pict\u00f3ricas de Zurbar\u00e1n y el Greco.<br \/>\nEn el a\u00f1o 1112 se traslad\u00f3  la sede episcopal hasta Mondo\u00f1edo, a partir de aqu\u00ed la vida de este  peque\u00f1o poblado fue centralizada en torno a este Monumento, que es la  catedral, construida en el a\u00f1o 1219 por Don Mart\u00edn, obispo de la sede.<\/p>\n<p>Una  vez que el Obispo Don Mart\u00edn estableci\u00f3 definitivamente la Sede en  Mondo\u00f1edo, puede decirse que comienza la historia de la peque\u00f1a urbe,  que fue naciendo en torno a la iglesia, como Compostela al lado del  sepulcro del Ap\u00f3stol, o como Burgo de Osma al lado de su imponente  catedral.<\/p>\n<p>El monumento, pues mas primitivo y mas importante de  la ciudad es precisamente la Catedral, comenzada por el mencionado Don  Mart\u00edn en 1219 y consagrada en 1248 , si bien en 1225 parece que una  parte ya estaba dedicada al culto. Fernando III el Santo, Rey de  Castilla, peregrinando a Compostela en 1232 acompa\u00f1ado de su esposa la  Reina Do\u00f1a Beatriz de Saubia, visitaron Mondo\u00f1edo y a su Obispo Don  Mart\u00edn. Es probable que el Rey contribuyera a la obra, como contribuy\u00f3 a  las de las catedrales de Burgos y Toledo y a las tantas otras iglesias y  monasterios.<\/p>\n<p>La Catedral de Mondo\u00f1edo centro religioso y civil  de la poblaci\u00f3n tiene ante si una plaza, centro urbano, del que parten  las calles en sentido radial. En las ma\u00f1anas de los domingos, cuando en  la plaza se pone el mercado, el colorido que presenta es de lo mas  t\u00edpico de Espa\u00f1a. Parece arrancado de uno de los cuadros que, en el  siglo pasado, nos pintaba Valeriano B\u00e9cqer, plasmando todo el encanto de  tipos y Costumbres Populares.<\/p>\n<p> <a href=\"http:\/\/aviones.mindonium.es\/portal\/wp-content\/uploads\/2011\/04\/catedral.jpg\"><img loading=\"lazy\" decoding=\"async\" src=\"http:\/\/aviones.mindonium.es\/portal\/wp-content\/uploads\/2011\/04\/catedral.jpg\" alt=\"\" title=\" \" width=\"386\" height=\"520\" class=\"aligncenter size-full wp-image-353\" srcset=\"https:\/\/aviones.mindonium.es\/portal\/wp-content\/uploads\/2011\/04\/catedral.jpg 386w, https:\/\/aviones.mindonium.es\/portal\/wp-content\/uploads\/2011\/04\/catedral-222x300.jpg 222w\" sizes=\"(max-width: 386px) 100vw, 386px\" \/><\/a><\/p>\n<p>SANTUARIO DE NUESTRA SE\u00d1ORA DE LOS REMEDIOS<\/p>\n<p>originario  del siglo XVI y rehabilitado en el sigloS.XVIII por el Obispo Sarmento,  conserva una impresionante colecci\u00f3n de retablos barrocos y la tumba de  su obispo benefactor<\/p>\n<p><a href=\"http:\/\/aviones.mindonium.es\/portal\/wp-content\/uploads\/2011\/04\/santuario_de_nuestra_seC3B1ora_de_los_remedios.jpg\"><img loading=\"lazy\" decoding=\"async\" src=\"http:\/\/aviones.mindonium.es\/portal\/wp-content\/uploads\/2011\/04\/santuario_de_nuestra_seC3B1ora_de_los_remedios.jpg\" alt=\"\" title=\" \" width=\"346\" height=\"259\" class=\"aligncenter size-full wp-image-356\" srcset=\"https:\/\/aviones.mindonium.es\/portal\/wp-content\/uploads\/2011\/04\/santuario_de_nuestra_seC3B1ora_de_los_remedios.jpg 346w, https:\/\/aviones.mindonium.es\/portal\/wp-content\/uploads\/2011\/04\/santuario_de_nuestra_seC3B1ora_de_los_remedios-300x224.jpg 300w\" sizes=\"(max-width: 346px) 100vw, 346px\" \/><\/a><\/p>\n<p>EL SEMINARIO<\/p>\n<p>heredero  del primer seminario de Galicia en el siglo XVI, el actual fue  constru\u00eddo por el Obispo Losada Quiroga en el siglo XVIII en estilo  neocl\u00e1sico y acoge la antigua Biblioteca P\u00fablica con m\u00e1s de 20.000  volumenes y 100 incunables. Utilizado primeramente como Colexio de  Gram\u00e1tica, se incorpor\u00f3 en 1780 a la Universidad de Santiago. La fachada  est\u00e1 presidida por Santa Catalina, patrona de los jovenes y fil\u00f3sofos.<\/p>\n<p>CONVENTO DE LOS PICOS DE SAN MARTI\u00d1O DE VILAURENTE<\/p>\n<p>sencillo  refugio jacobeo original del siglo XIV y restaurado en el siglo XVIII,  desde el que se observa una magn\u00edfica vista de la ciudad. La subida al  convento se conoce con el nombre del Calvario por la existencia de un  V\u00eda Crucis del que se conservan algunos pasos<\/p>\n<p><a href=\"http:\/\/aviones.mindonium.es\/portal\/wp-content\/uploads\/2011\/04\/convento_de_los_picos1.jpg\"><img loading=\"lazy\" decoding=\"async\" src=\"http:\/\/aviones.mindonium.es\/portal\/wp-content\/uploads\/2011\/04\/convento_de_los_picos1.jpg\" alt=\"\" title=\"\" width=\"448\" height=\"277\" class=\"aligncenter size-full wp-image-359\" srcset=\"https:\/\/aviones.mindonium.es\/portal\/wp-content\/uploads\/2011\/04\/convento_de_los_picos1.jpg 448w, https:\/\/aviones.mindonium.es\/portal\/wp-content\/uploads\/2011\/04\/convento_de_los_picos1-400x247.jpg 400w, https:\/\/aviones.mindonium.es\/portal\/wp-content\/uploads\/2011\/04\/convento_de_los_picos1-300x185.jpg 300w\" sizes=\"(max-width: 448px) 100vw, 448px\" \/><\/a><\/p>\n<p>HOSPITAL DE SAN PABLO Y SAN L\u00c1ZARO<\/p>\n<p>obra barroca del siglo XVIII, la fachada porta los escudos de la Ciudad y del Obispo Sarmento<\/p>\n","protected":false},"excerpt":{"rendered":"<p>LA CATEDRAL Fue construida en el siglo XII, pero volvi\u00f3 a reconstruirse en el XVI al haber quedado destruida por<\/p>\n","protected":false},"author":1,"featured_media":0,"parent":22,"menu_order":3,"comment_status":"closed","ping_status":"open","template":"","meta":{"colormag_page_container_layout":"default_layout","colormag_page_sidebar_layout":"default_layout","_s2mail":"","footnotes":""},"_links":{"self":[{"href":"https:\/\/aviones.mindonium.es\/portal\/wp-json\/wp\/v2\/pages\/34"}],"collection":[{"href":"https:\/\/aviones.mindonium.es\/portal\/wp-json\/wp\/v2\/pages"}],"about":[{"href":"https:\/\/aviones.mindonium.es\/portal\/wp-json\/wp\/v2\/types\/page"}],"author":[{"embeddable":true,"href":"https:\/\/aviones.mindonium.es\/portal\/wp-json\/wp\/v2\/users\/1"}],"replies":[{"embeddable":true,"href":"https:\/\/aviones.mindonium.es\/portal\/wp-json\/wp\/v2\/comments?post=34"}],"version-history":[{"count":6,"href":"https:\/\/aviones.mindonium.es\/portal\/wp-json\/wp\/v2\/pages\/34\/revisions"}],"predecessor-version":[{"id":7358,"href":"https:\/\/aviones.mindonium.es\/portal\/wp-json\/wp\/v2\/pages\/34\/revisions\/7358"}],"up":[{"embeddable":true,"href":"https:\/\/aviones.mindonium.es\/portal\/wp-json\/wp\/v2\/pages\/22"}],"wp:attachment":[{"href":"https:\/\/aviones.mindonium.es\/portal\/wp-json\/wp\/v2\/media?parent=34"}],"curies":[{"name":"wp","href":"https:\/\/api.w.org\/{rel}","templated":true}]}}

Patrimonio Artístico

<p>LA CATEDRAL</p>
<p>Fue  construida en el siglo XII, pero volvió a reconstruirse en el XVI al  haber quedado destruida por un incendio. Presenta una curiosa mezcla de  estilos: las torres son barrocas, la portada es románica con un rosetón  del siglo XIV y claustros del siglo XVII. En el interior merecen  especial atención los frescos del siglo XV que decoran los dos lados del  coro. En el Altar Mayor se conserva la imagen de Nuestra Señora la  Inglesa, traída de la catedral de Saint Paul en Londres en época de la  reforma de Enrique VIII. El Museo Diocesano guarda estatuas, retablos y  obras pictóricas de Zurbarán y el Greco.<br />
En el año 1112 se trasladó  la sede episcopal hasta Mondoñedo, a partir de aquí la vida de este  pequeño poblado fue centralizada en torno a este Monumento, que es la  catedral, construida en el año 1219 por Don Martín, obispo de la sede.</p>
<p>Una  vez que el Obispo Don Martín estableció definitivamente la Sede en  Mondoñedo, puede decirse que comienza la historia de la pequeña urbe,  que fue naciendo en torno a la iglesia, como Compostela al lado del  sepulcro del Apóstol, o como Burgo de Osma al lado de su imponente  catedral.</p>
<p>El monumento, pues mas primitivo y mas importante de  la ciudad es precisamente la Catedral, comenzada por el mencionado Don  Martín en 1219 y consagrada en 1248 , si bien en 1225 parece que una  parte ya estaba dedicada al culto. Fernando III el Santo, Rey de  Castilla, peregrinando a Compostela en 1232 acompañado de su esposa la  Reina Doña Beatriz de Saubia, visitaron Mondoñedo y a su Obispo Don  Martín. Es probable que el Rey contribuyera a la obra, como contribuyó a  las de las catedrales de Burgos y Toledo y a las tantas otras iglesias y  monasterios.</p>
<p>La Catedral de Mondoñedo centro religioso y civil  de la población tiene ante si una plaza, centro urbano, del que parten  las calles en sentido radial. En las mañanas de los domingos, cuando en  la plaza se pone el mercado, el colorido que presenta es de lo mas  típico de España. Parece arrancado de uno de los cuadros que, en el  siglo pasado, nos pintaba Valeriano Bécqer, plasmando todo el encanto de  tipos y Costumbres Populares.</p>
<p> <a href="http://aviones.mindonium.es/portal/wp-content/uploads/2011/04/catedral.jpg"><img loading="lazy" decoding="async" src="http://aviones.mindonium.es/portal/wp-content/uploads/2011/04/catedral.jpg" alt="" title=" " width="386" height="520" class="aligncenter size-full wp-image-353" srcset="https://aviones.mindonium.es/portal/wp-content/uploads/2011/04/catedral.jpg 386w, https://aviones.mindonium.es/portal/wp-content/uploads/2011/04/catedral-222x300.jpg 222w" sizes="(max-width: 386px) 100vw, 386px" /></a></p>
<p>SANTUARIO DE NUESTRA SEÑORA DE LOS REMEDIOS</p>
<p>originario  del siglo XVI y rehabilitado en el sigloS.XVIII por el Obispo Sarmento,  conserva una impresionante colección de retablos barrocos y la tumba de  su obispo benefactor</p>
<p><a href="http://aviones.mindonium.es/portal/wp-content/uploads/2011/04/santuario_de_nuestra_seC3B1ora_de_los_remedios.jpg"><img loading="lazy" decoding="async" src="http://aviones.mindonium.es/portal/wp-content/uploads/2011/04/santuario_de_nuestra_seC3B1ora_de_los_remedios.jpg" alt="" title=" " width="346" height="259" class="aligncenter size-full wp-image-356" srcset="https://aviones.mindonium.es/portal/wp-content/uploads/2011/04/santuario_de_nuestra_seC3B1ora_de_los_remedios.jpg 346w, https://aviones.mindonium.es/portal/wp-content/uploads/2011/04/santuario_de_nuestra_seC3B1ora_de_los_remedios-300x224.jpg 300w" sizes="(max-width: 346px) 100vw, 346px" /></a></p>
<p>EL SEMINARIO</p>
<p>heredero  del primer seminario de Galicia en el siglo XVI, el actual fue  construído por el Obispo Losada Quiroga en el siglo XVIII en estilo  neoclásico y acoge la antigua Biblioteca Pública con más de 20.000  volumenes y 100 incunables. Utilizado primeramente como Colexio de  Gramática, se incorporó en 1780 a la Universidad de Santiago. La fachada  está presidida por Santa Catalina, patrona de los jovenes y filósofos.</p>
<p>CONVENTO DE LOS PICOS DE SAN MARTIÑO DE VILAURENTE</p>
<p>sencillo  refugio jacobeo original del siglo XIV y restaurado en el siglo XVIII,  desde el que se observa una magnífica vista de la ciudad. La subida al  convento se conoce con el nombre del Calvario por la existencia de un  Vía Crucis del que se conservan algunos pasos</p>
<p><a href="http://aviones.mindonium.es/portal/wp-content/uploads/2011/04/convento_de_los_picos1.jpg"><img loading="lazy" decoding="async" src="http://aviones.mindonium.es/portal/wp-content/uploads/2011/04/convento_de_los_picos1.jpg" alt="" title="" width="448" height="277" class="aligncenter size-full wp-image-359" srcset="https://aviones.mindonium.es/portal/wp-content/uploads/2011/04/convento_de_los_picos1.jpg 448w, https://aviones.mindonium.es/portal/wp-content/uploads/2011/04/convento_de_los_picos1-400x247.jpg 400w, https://aviones.mindonium.es/portal/wp-content/uploads/2011/04/convento_de_los_picos1-300x185.jpg 300w" sizes="(max-width: 448px) 100vw, 448px" /></a></p>
<p>HOSPITAL DE SAN PABLO Y SAN LÁZARO</p>
<p>obra barroca del siglo XVIII, la fachada porta los escudos de la Ciudad y del Obispo Sarmento</p>

<p>LA CATEDRAL Fue construida en el siglo XII, pero volvió a reconstruirse en el XVI al haber quedado destruida por</p>
