{"id":26,"date":"2011-04-21T16:48:03","date_gmt":"2011-04-21T16:48:03","guid":{"rendered":"http:\/\/aviones.mindonium.es\/portal\/?page_id=26"},"modified":"2018-08-15T12:30:38","modified_gmt":"2018-08-15T12:30:38","slug":"historia","status":"publish","type":"page","link":"https:\/\/aviones.mindonium.es\/portal\/todo-mondonedo\/historia\/","title":{"rendered":"Historia"},"content":{"rendered":"<p>Apresado el 7 diciembre 1483 tras 3 a\u00f1os de beligerancia militar contra  los Reyes Cat\u00f3licos, El Mariscal fue condenado a ejecuci\u00f3n p\u00fablica en la  rebelde capital de provincia del Reino de Galicia de Mondo\u00f1edo con su  hijo y el noble y leal Se\u00f1or Pero de Miranda.<\/p>\n<p>La esposa de Pardo  de Cela, Dona Isabel de Castro, asisti\u00f3 enseguida a una audiencia con  su prima la castellana Reina Isabel, obteniedo un indulto condicional  para los tres nobles gallegos condenados a muerte. Regresando a  Mondo\u00f1edo poco antes de la ejecuci\u00f3n del Mariscal tras diez d\u00edas de  viaje ininterrupido, Dona Isabel fue recibida en la entrada de la Ciudad  por los secuaces del Obispo de Mondo\u00f1edo.<\/p>\n<p>Fadrique de Guzm\u00e1n,  Obispo de Mondo\u00f1edo, era un hombre ambicioso de una mejor carrera  pol\u00edtico-eclesi\u00e1stica bajo el nuevo reinado de los Reyes Cat\u00f3licos, que  adem\u00e1s sent\u00eda un odio mortal por Pardo de Cela ya que El Mariscal nunca  hab\u00eda acatado las \u00f3rdenes de su poder eclesial. As\u00ed, el obispo traidor  mand\u00f3 entretener en el llamado Ponte do Pasatempo a la Dama mientras se  apuraba la ejecuci\u00f3n en la Plaza de la Catedral.<\/p>\n<p>El d\u00eda 17  diciembre 1483, frente a una multitud que esperaba el indulto para su  Se\u00f1or, el \u00faltimo defensor de la soberan\u00eda del Reino de Galicia era  decapitado en la Plaza de Mondo\u00f1edo, rodando su cabeza hasta la puerta  de la Catedral al tiempo que gritaba:<\/p>\n<p>&#8211; CREDO!, CREDO!, CREDO!<\/p>\n<p>El puente del pasatiempo.<\/p>\n<p><a href=\"http:\/\/aviones.mindonium.es\/portal\/wp-content\/uploads\/2011\/04\/el_puente_del_pasatiempo.jpg\"><img loading=\"lazy\" decoding=\"async\" src=\"http:\/\/aviones.mindonium.es\/portal\/wp-content\/uploads\/2011\/04\/el_puente_del_pasatiempo.jpg\" alt=\"\" title=\" \" width=\"130\" height=\"235\" class=\"aligncenter size-full wp-image-345\" \/><\/a><\/p>\n<p>LA CUEVAS DEL REY CINTOLO<br \/>\nSituaci\u00f3n geogr\u00e1fica<\/p>\n<p>La  cavidad se localiza en el t\u00e9rmino municipal de Mondo\u00f1edo, en la  provincia de Lugo. La boca de la cueva se abre en la ladera oeste del  monte Coto Redondo, pr\u00f3ximo a la aldea de Supena, a 6 km de Mondo\u00f1edo.<\/p>\n<p>Se  trata de la cueva m\u00e1s grande conocida en Galicia, ya que presenta un  desarrollo de 6.500 m, de los cuales 4.546 han sido topografiados. El  desnivel m\u00e1ximo desde la boca al punto m\u00e1s bajo conocido (r\u00edo Celtas) es  de unos 75 m.<\/p>\n<p>Actualmente, la cueva no se encuentra acondicionada para el turismo.<\/p>\n<p>Rasgos geneal\u00f3gicos<\/p>\n<p>La  Cova do Rei Cintolo se desarrolla sobre un lentej\u00f3n calc\u00e1reo (Caliza de  Vegadeo), cuyo extremo superior (Abadin) est\u00e1 a 450 m.s.n.m. y el  inferior (Mondo\u00f1edo) a 340 m.s.n.m., y que ocupa el margen derecho del  valle del r\u00edo Brea-Vali\u00f1adares. El valle est\u00e1 situado geol\u00f3gicamente en  la Zona Asturoccidental Leonesa.<\/p>\n<p>Las calizas que afloran en unos  5 km, a pesar de no superar los 100 m de espesor y presentar escasa  continuidad debido a intercalaciones pizarrosas (Pizarra de C\u00e1ndana),  han permitido la formaci\u00f3n de una importante red k\u00e1rstica, a favor del  buzamiento monoclinal, ocupando una superficie que no supera las 5.5 Ha.<\/p>\n<p>La unidad estratigr\u00e1fica corresponde al denominado Manto de Mondo\u00f1edo, ubic\u00e1ndose la cueva en el C\u00e1mbrico Inferior y Medio.<\/p>\n<p>El  origen de la cavidad se debe a la acci\u00f3n del agua que va disolviendo la  caliza, originando un entramado de galer\u00edas por las que circula.  Asimismo da lugar a la precipitaci\u00f3n y formaci\u00f3n de la ornamentaci\u00f3n  t\u00edpica de la cueva como estalactitas, estalagmitas, coladas, columnas,  banderas, etc.<\/p>\n<p>Cueva del eycintolo<\/p>\n<p><a href=\"http:\/\/aviones.mindonium.es\/portal\/wp-content\/uploads\/2011\/04\/cueva_del_rey_cintolo.jpg\"><img loading=\"lazy\" decoding=\"async\" src=\"http:\/\/aviones.mindonium.es\/portal\/wp-content\/uploads\/2011\/04\/cueva_del_rey_cintolo.jpg\" alt=\"\" title=\" \" width=\"188\" height=\"250\" class=\"aligncenter size-full wp-image-348\" \/><\/a><\/p>\n<p>Historia<\/p>\n<p>El  descubridor de esta cueva fue Jos\u00e9 Villa-Amil y Castro, prehistoriador y  arque\u00f3logo, que cit\u00f3 la cavidad por primera vez en el libro  &#8220;Antig\u00fcedades prehist\u00f3ricas y c\u00e9lticas de Galicia&#8221;. Asimismo est\u00e1  considerado como el precursor de la espeleolog\u00eda en Galicia. Es autor de  un croquis de la galer\u00eda principal pero en el que no figuran las  galer\u00edas inferiores, lo que hace suponer que no consigui\u00f3 llegar hasta  ellas.<\/p>\n<p>Se cita posteriormente otra visita en 1893 en un  peri\u00f3dico asturiano, &#8221; La Voz de Luarca &#8221; y aparece rese\u00f1ada en la  c\u00e9lebre gu\u00eda &#8221; Cavernas y Simas de Espa\u00f1a &#8221; de Gabriel Puig y Larraz  (1894). Entonces se consideraba que las dimensiones de la gruta eran  unos 200 metros. Fue en 1954 cuando el &#8220;Club Monta\u00f1eros Celtas&#8221; de Vigo,  con la colaboraci\u00f3n de aficionados de Mondo\u00f1edo, realiz\u00f3 un campamento  para su exploraci\u00f3n y topograf\u00eda.<\/p>\n<p>Se descubren distintas zonas  de la cavidad, as\u00ed como el r\u00edo subterr\u00e1neo al que bautizan como R\u00edo  Celtas. Posteriormente, diferentes grupos espeleol\u00f3gicos de todo el pa\u00eds  han ido completando las investigaciones y los trabajos de topograf\u00eda de  la cueva.<\/p>\n<p>En a\u00f1os sucesivos pasa a ser muy visitada, siendo a  partir de finales de la d\u00e9cada de 1960 cuando comienzan los intentos por  obtener una topograf\u00eda general de la gruta, al mismo tiempo que se  descubre la Galer\u00eda Venus a la derecha de la Sala del R\u00edo, tambi\u00e9n  denominada esa zona como Salas Finales del R\u00edo.<\/p>\n<p>La cavidad fue  conocida en 1973 en toda Espa\u00f1a al realizar TVE la l\u00aa filmaci\u00f3n de la  cueva. A partir de entonces, su popularidad y la facilidad de acceso a  la galer\u00eda principal atrajo la atenci\u00f3n de numerosos visitantes que  causaron deterioros en su interior. A ra\u00edz de esta expoliaci\u00f3n que  amenazaba con destruir la cavidad, se cerr\u00f3 la entrada en 1976 con una  verja.<\/p>\n<p>En los \u00faltimos a\u00f1os la cueva ha sido explorada repetidas veces por diferentes grupos de espele\u00f3logos.<\/p>\n<p>La  del Rei Cintolo es objeto, al igual que gran parte de cuevas de  Galicia, de leyendas antiqu\u00edsimas que hablan de tesoros ocultos y seres  m\u00e1gicos que habitan en su interior.<\/p>\n<p>Leyenda de la cueva del \u00a8 Rey cintolo\u00a8<\/p>\n<p>Se  cuenta que el Rey Cintolo, due\u00f1o y se\u00f1or del valle de Brea, ten\u00eda una  bella hija llamada Xila, enamorada de un conde, de cuyos amores estaba  celoso un hechicero que, por despecho, sepult\u00f3 el reino de su padre en  el interior de la tierra, cre\u00e1ndose as\u00ed las cuevas del rey Cintolo,  mientras que la bella princesa a\u00fan espera que un caballero valiente la  vuelva a la vida.<\/p>\n<p>CASTROS<\/p>\n<p>Mondo\u00f1edo  posee una importante cultura castre\u00f1a, ya que son muchos los restos de  los castros que aparecen en el municipio. Son ejemplos de castros  mindonienses el de Os Castelos de Viloalle, el de Santa Mar\u00eda Maior, o  el de Zo\u00f1\u00e1n, entre muchos otros.<\/p>\n<p>Se conservan en Mondo\u00f1edo  restos de calzadas romanas, as\u00ed como de bronces de Marco Aurelio y de  Adriano, lo que deja claro la presencia de los romanos en la ciudad. En  esta \u00e9poca, el n\u00facleo de poblaci\u00f3n se debi\u00f3 encontrar en el actual  barrio de Os Castros, que luego se desplegar\u00eda a tierras m\u00e1s bajas.<\/p>\n<p>PENA DO UNTO<\/p>\n<p>De  la Edad de Bronce se conservan d\u00f3lmenes, petroglifos, o incluso, la  Pena do Unto, antiguo altar de sacrificios humanos situado en el Couto  da Recadieira.<\/p>\n","protected":false},"excerpt":{"rendered":"<p>Apresado el 7 diciembre 1483 tras 3 a\u00f1os de beligerancia militar contra los Reyes Cat\u00f3licos, El Mariscal fue condenado a<\/p>\n","protected":false},"author":1,"featured_media":0,"parent":22,"menu_order":1,"comment_status":"closed","ping_status":"open","template":"","meta":{"colormag_page_container_layout":"default_layout","colormag_page_sidebar_layout":"default_layout","_s2mail":"","footnotes":""},"_links":{"self":[{"href":"https:\/\/aviones.mindonium.es\/portal\/wp-json\/wp\/v2\/pages\/26"}],"collection":[{"href":"https:\/\/aviones.mindonium.es\/portal\/wp-json\/wp\/v2\/pages"}],"about":[{"href":"https:\/\/aviones.mindonium.es\/portal\/wp-json\/wp\/v2\/types\/page"}],"author":[{"embeddable":true,"href":"https:\/\/aviones.mindonium.es\/portal\/wp-json\/wp\/v2\/users\/1"}],"replies":[{"embeddable":true,"href":"https:\/\/aviones.mindonium.es\/portal\/wp-json\/wp\/v2\/comments?post=26"}],"version-history":[{"count":8,"href":"https:\/\/aviones.mindonium.es\/portal\/wp-json\/wp\/v2\/pages\/26\/revisions"}],"predecessor-version":[{"id":7356,"href":"https:\/\/aviones.mindonium.es\/portal\/wp-json\/wp\/v2\/pages\/26\/revisions\/7356"}],"up":[{"embeddable":true,"href":"https:\/\/aviones.mindonium.es\/portal\/wp-json\/wp\/v2\/pages\/22"}],"wp:attachment":[{"href":"https:\/\/aviones.mindonium.es\/portal\/wp-json\/wp\/v2\/media?parent=26"}],"curies":[{"name":"wp","href":"https:\/\/api.w.org\/{rel}","templated":true}]}}