{"id":22,"date":"2011-04-21T16:46:27","date_gmt":"2011-04-21T16:46:27","guid":{"rendered":"http:\/\/aviones.mindonium.es\/portal\/?page_id=22"},"modified":"2018-08-15T12:30:38","modified_gmt":"2018-08-15T12:30:38","slug":"todo-mondonedo","status":"publish","type":"page","link":"https:\/\/aviones.mindonium.es\/portal\/todo-mondonedo\/","title":{"rendered":"Todo Mondo\u00f1edo"},"content":{"rendered":"<p>TODO MONDO\u00d1EDO<\/p>\n<p>Un  peque\u00f1o repaso a la historia de la ciudad de Mondo\u00f1edo a lo largo   de\u00a0  la historia , en el men\u00fa de arriba puedes navegar por los diversos  submenos de esta categor\u00eda.<\/p>\n<p>Comarca:<br \/>\nA Mari\u00f1a Central<br \/>\nMondo\u00f1edo<br \/>\nNorte:<br \/>\nFoz y Alfoz<br \/>\nSur:<br \/>\nRiotorto, A Pastoriza y Abad\u00edn<br \/>\nEste:<br \/>\nLourenz\u00e1<br \/>\nOeste:<br \/>\nAbad\u00edn y Alfoz<br \/>\nDistancia a la capital provincial:<br \/>\n70 km.<br \/>\nSuperficie:<br \/>\n144 km2<\/p>\n<p><a href=\"http:\/\/aviones.mindonium.es\/portal\/wp-content\/uploads\/2011\/04\/imagen_2.jpg\"><img loading=\"lazy\" decoding=\"async\" class=\"aligncenter size-full wp-image-340\" title=\" \" src=\"http:\/\/aviones.mindonium.es\/portal\/wp-content\/uploads\/2011\/04\/imagen_2.jpg\" alt=\"\" width=\"432\" height=\"612\" srcset=\"https:\/\/aviones.mindonium.es\/portal\/wp-content\/uploads\/2011\/04\/imagen_2.jpg 432w, https:\/\/aviones.mindonium.es\/portal\/wp-content\/uploads\/2011\/04\/imagen_2-400x567.jpg 400w, https:\/\/aviones.mindonium.es\/portal\/wp-content\/uploads\/2011\/04\/imagen_2-211x300.jpg 211w\" sizes=\"(max-width: 432px) 100vw, 432px\" \/><\/a><\/p>\n<p>Todo el valle de Mondo\u00f1edo fue centro de asentamientos que,  posteriormente ser\u00edan el embri\u00f3n urbanizador del futuro burgo. D\u00f3lmenes,  petroglifos y castros son buena prueba de ello. Si lo que es el valle  de Mondo\u00f1edo fue lugar de asentamientos de una densa poblaci\u00f3n castre\u00f1a,  posteriormente romanizada, tambi\u00e9n lo ser\u00e1 a finales del siglo V, por  los britones quienes dieron origen a la di\u00f3cesis britoniense, precedente  de las actuales di\u00f3cesis de Oviedo y Mondo\u00f1edo. Por lo que se refiere  al n\u00facleo urbano su origen fue Vilamaior do Val de Brea elev\u00e1ndose a la  categor\u00eda de ciudad por Alfonso VII en 1156 tras haberse convertido en  sede episcopal (1117) en detrimento de San Marti\u00f1o de Mondo\u00f1edo (Foz), a  pesar de haber perdido luego moment\u00e1neamente esta dignidad la retomar\u00e1  definitivamente en el siglo XIII. Del s. XII tambi\u00e9n data la  construcci\u00f3n de la catedral con reformas posteriores y las murallas.  Desde el a\u00f1o 1491 la vida municipal se estructura en el concejo  municipal teniendo un procurador anual y controlando el regimiento el  obispo, se\u00f1or de la ciudad, que nombraba al alcalde mayor y eleg\u00eda dos  alcaldes ordinarios; al mismo tiempo, era propietario de los seis  oficios de regidores. Con la fundaci\u00f3n del Seminario, el primero de  Galicia, en el s. XVI, inicia un esplendor que aumentar\u00eda con su  incorporaci\u00f3n a la Universidad de Santiago desde 1780 y que har\u00e1 de su  biblioteca una de las m\u00e1s valiosas de la provincia. Mondo\u00f1edo tambi\u00e9n  fue escenario de algunas revueltas como la que culmin\u00f3 con la ejecuci\u00f3n  en 1483 de Pedro Pardo de Cela apodado el Mariscal, en 1483 en la Plaza  Mayor de la ciudad de Mondo\u00f1edo por orden de los Reyes Cat\u00f3licos. Desde  comienzos del siglo XVI hasta 1834 fue una de las siete provincias del  Reino de Galicia y un lugar de paso de peregrinos por el camino de  Santiago en su ruta de la costa.<br \/>\nVestigios arqueol\u00f3gicos:<br \/>\nO  Castro en Iglesia de Maior; castro de zo\u00f1an; restos de calzada romana en  varios puntos de la feligres\u00eda de Maior; dolmen de Montedarca;  petroglifos de Viloalle; pena do Unto.<\/p>\n<p><a href=\"http:\/\/aviones.mindonium.es\/portal\/wp-content\/uploads\/2011\/04\/imagen_1.jpg\"><img loading=\"lazy\" decoding=\"async\" class=\"aligncenter size-full wp-image-342\" title=\" \" src=\"http:\/\/aviones.mindonium.es\/portal\/wp-content\/uploads\/2011\/04\/imagen_1.jpg\" alt=\"\" width=\"445\" height=\"336\" srcset=\"https:\/\/aviones.mindonium.es\/portal\/wp-content\/uploads\/2011\/04\/imagen_1.jpg 445w, https:\/\/aviones.mindonium.es\/portal\/wp-content\/uploads\/2011\/04\/imagen_1-400x302.jpg 400w, https:\/\/aviones.mindonium.es\/portal\/wp-content\/uploads\/2011\/04\/imagen_1-300x226.jpg 300w\" sizes=\"(max-width: 445px) 100vw, 445px\" \/><\/a><\/p>\n","protected":false},"excerpt":{"rendered":"<p>TODO MONDO\u00d1EDO Un peque\u00f1o repaso a la historia de la ciudad de Mondo\u00f1edo a lo largo de\u00a0 la historia ,<\/p>\n","protected":false},"author":1,"featured_media":0,"parent":0,"menu_order":3,"comment_status":"closed","ping_status":"open","template":"","meta":{"colormag_page_container_layout":"default_layout","colormag_page_sidebar_layout":"default_layout","_s2mail":"","footnotes":""},"_links":{"self":[{"href":"https:\/\/aviones.mindonium.es\/portal\/wp-json\/wp\/v2\/pages\/22"}],"collection":[{"href":"https:\/\/aviones.mindonium.es\/portal\/wp-json\/wp\/v2\/pages"}],"about":[{"href":"https:\/\/aviones.mindonium.es\/portal\/wp-json\/wp\/v2\/types\/page"}],"author":[{"embeddable":true,"href":"https:\/\/aviones.mindonium.es\/portal\/wp-json\/wp\/v2\/users\/1"}],"replies":[{"embeddable":true,"href":"https:\/\/aviones.mindonium.es\/portal\/wp-json\/wp\/v2\/comments?post=22"}],"version-history":[{"count":7,"href":"https:\/\/aviones.mindonium.es\/portal\/wp-json\/wp\/v2\/pages\/22\/revisions"}],"predecessor-version":[{"id":7355,"href":"https:\/\/aviones.mindonium.es\/portal\/wp-json\/wp\/v2\/pages\/22\/revisions\/7355"}],"wp:attachment":[{"href":"https:\/\/aviones.mindonium.es\/portal\/wp-json\/wp\/v2\/media?parent=22"}],"curies":[{"name":"wp","href":"https:\/\/api.w.org\/{rel}","templated":true}]}}

Todo Mondoñedo

<p>TODO MONDOÑEDO</p>
<p>Un  pequeño repaso a la historia de la ciudad de Mondoñedo a lo largo   de   la historia , en el menú de arriba puedes navegar por los diversos  submenos de esta categoría.</p>
<p>Comarca:<br />
A Mariña Central<br />
Mondoñedo<br />
Norte:<br />
Foz y Alfoz<br />
Sur:<br />
Riotorto, A Pastoriza y Abadín<br />
Este:<br />
Lourenzá<br />
Oeste:<br />
Abadín y Alfoz<br />
Distancia a la capital provincial:<br />
70 km.<br />
Superficie:<br />
144 km2</p>
<p><a href="http://aviones.mindonium.es/portal/wp-content/uploads/2011/04/imagen_2.jpg"><img loading="lazy" decoding="async" class="aligncenter size-full wp-image-340" title=" " src="http://aviones.mindonium.es/portal/wp-content/uploads/2011/04/imagen_2.jpg" alt="" width="432" height="612" srcset="https://aviones.mindonium.es/portal/wp-content/uploads/2011/04/imagen_2.jpg 432w, https://aviones.mindonium.es/portal/wp-content/uploads/2011/04/imagen_2-400x567.jpg 400w, https://aviones.mindonium.es/portal/wp-content/uploads/2011/04/imagen_2-211x300.jpg 211w" sizes="(max-width: 432px) 100vw, 432px" /></a></p>
<p>Todo el valle de Mondoñedo fue centro de asentamientos que,  posteriormente serían el embrión urbanizador del futuro burgo. Dólmenes,  petroglifos y castros son buena prueba de ello. Si lo que es el valle  de Mondoñedo fue lugar de asentamientos de una densa población castreña,  posteriormente romanizada, también lo será a finales del siglo V, por  los britones quienes dieron origen a la diócesis britoniense, precedente  de las actuales diócesis de Oviedo y Mondoñedo. Por lo que se refiere  al núcleo urbano su origen fue Vilamaior do Val de Brea elevándose a la  categoría de ciudad por Alfonso VII en 1156 tras haberse convertido en  sede episcopal (1117) en detrimento de San Martiño de Mondoñedo (Foz), a  pesar de haber perdido luego momentáneamente esta dignidad la retomará  definitivamente en el siglo XIII. Del s. XII también data la  construcción de la catedral con reformas posteriores y las murallas.  Desde el año 1491 la vida municipal se estructura en el concejo  municipal teniendo un procurador anual y controlando el regimiento el  obispo, señor de la ciudad, que nombraba al alcalde mayor y elegía dos  alcaldes ordinarios; al mismo tiempo, era propietario de los seis  oficios de regidores. Con la fundación del Seminario, el primero de  Galicia, en el s. XVI, inicia un esplendor que aumentaría con su  incorporación a la Universidad de Santiago desde 1780 y que hará de su  biblioteca una de las más valiosas de la provincia. Mondoñedo también  fue escenario de algunas revueltas como la que culminó con la ejecución  en 1483 de Pedro Pardo de Cela apodado el Mariscal, en 1483 en la Plaza  Mayor de la ciudad de Mondoñedo por orden de los Reyes Católicos. Desde  comienzos del siglo XVI hasta 1834 fue una de las siete provincias del  Reino de Galicia y un lugar de paso de peregrinos por el camino de  Santiago en su ruta de la costa.<br />
Vestigios arqueológicos:<br />
O  Castro en Iglesia de Maior; castro de zoñan; restos de calzada romana en  varios puntos de la feligresía de Maior; dolmen de Montedarca;  petroglifos de Viloalle; pena do Unto.</p>
<p><a href="http://aviones.mindonium.es/portal/wp-content/uploads/2011/04/imagen_1.jpg"><img loading="lazy" decoding="async" class="aligncenter size-full wp-image-342" title=" " src="http://aviones.mindonium.es/portal/wp-content/uploads/2011/04/imagen_1.jpg" alt="" width="445" height="336" srcset="https://aviones.mindonium.es/portal/wp-content/uploads/2011/04/imagen_1.jpg 445w, https://aviones.mindonium.es/portal/wp-content/uploads/2011/04/imagen_1-400x302.jpg 400w, https://aviones.mindonium.es/portal/wp-content/uploads/2011/04/imagen_1-300x226.jpg 300w" sizes="(max-width: 445px) 100vw, 445px" /></a></p>

<p>TODO MONDOÑEDO Un pequeño repaso a la historia de la ciudad de Mondoñedo a lo largo de  la historia ,</p>
